t u(h) = -h**3 + 17*h**2 - 7*h + 1846. Give u(22).
-728
Let k(u) = -22*u**3 - 5644*u**2 + 16921*u - 6. Determine k(3).
-633
Let n(h) = 11*h**2 + 898*h + 554. Determine n(-81).
-13
Let q(s) = -34*s**3 + 7*s**2 - 7*s - 8. What is q(-1)?
40
Let x(o) = 2*o**3 - 38*o**2 + 197*o - 94. Determine x(7).
109
Let f(t) = -46*t**2 + 837*t + 55. Give f(4).
2667
Let x(i) = 317*i - 2283. What is x(5)?
-698
Let d(p) = -442568*p + 5753331. Give d(13).
-53
Let r(y) = -y**3 - 7*y**2 + 43*y + 979. Calculate r(12).
-1241
Let w(o) = 39*o**2 - 1005*o + 20. Calculate w(26).
254
Let l(s) = 260529*s - 3386895. Give l(13).
-18
Let v(t) = 443*t**2 - 11511*t + 251. Calculate v(26).
433
Let a(i) = -43*i**3 + 174*i**2 - 90*i + 333. Determine a(4).
5
Let n(h) = 255*h - 17383. Give n(70).
467
Let y(w) = -w**3 - 4*w**2 + 382*w + 3417. What is y(-12)?
-15
Let g(n) = -60542*n + 181655. What is g(3)?
29
Let f(c) = 235*c**3 - c**2 - 3*c - 6. What is f(2)?
1864
Let n(p) = -1489*p + 43176. Give n(29).
-5
Let b(d) = -13*d**2 + 191*d - 466. Give b(6).
212
Let s(j) = -39*j**2 - 224*j - 538. Give s(-5).
-393
Let n(p) = -1327*p - 21246. Calculate n(-16).
-14
Let i(m) = 224*m**3 + 26*m**2 + 17*m + 22. Determine i(-3).
-5843
Let m(t) = 105*t**2 + 23*t + 43. Give m(-2).
417
Let x(c) = 2455*c - 1234858. What is x(503)?
7
Let i(x) = -3*x**2 + 1446*x - 89141. Determine i(69).
-3650
Let y(w) = 2*w**3 + 187*w**2 + 919*w - 3588. Determine y(-8).
4
Let m(d) = 2954*d + 611464. What is m(-207)?
-14
Let c(k) = 6670*k**2 - 466898*k - 145. What is c(70)?
-5
Let g(b) = -59*b**3 + 175*b**2 - 10*b - 1. Calculate g(2).
207
Let k(f) = f**3 - 17*f**2 + 162*f - 398. Calculate k(10).
522
Let m(y) = -711*y + 256669. Determine m(361).
-2
Let q(d) = -d**2 - 164*d - 1235. Calculate q(-156).
13
Let w(h) = -h**2 + 36997*h + 1592742. Give w(-43).
22
Let x(h) = -7*h**3 - 3*h**2 - 4*h + 2138. Determine x(0).
2138
Let x(n) = -63*n**3 + 114600*n**2 - 5458*n + 1834. Determine x(1819).
15
Let f(k) = -483*k + 124613. Calculate f(258).
-1
Let c(o) = -33*o - 2109. What is c(-78)?
465
Let l(d) = 74774*d + 448597. Give l(-6).
-47
Let o(c) = 58192*c - 407313. Determine o(7).
31
Let u(m) = -3375*m - 1100236. What is u(-326)?
14
Let n(q) = -q**3 - 132*q**2 + 266*q - 121. Calculate n(-134).
147
Let q(c) = 12916*c - 25872. Determine q(2).
-40
Let i(m) = 640256*m - 640260. Determine i(1).
-4
Let v(c) = c**3 + 97*c**2 + 376*c + 19. Determine v(-4).
3
Let f(q) = 1313*q - 88747. What is f(68)?
537
Let i(q) = -1889*q + 92520. Calculate i(49).
-41
Let a(r) = r**3 + 17*r**2 + 34*r - 163. Give a(-14).
-51
Let z(n) = -5020*n + 9429. Calculate z(2).
-611
Let q(g) = -6*g**2 - 110*g + 28. What is q(5)?
-672
Let q(d) = -2*d**2 + 4582530*d + 18330156. Determine q(-4).
4
Let r(n) = 16*n**2 + 126*n - 3001. Give r(-18).
-85
Let y(m) = -4*m**2 - 612*m + 2144. What is y(-156)?
272
Let l(f) = -3*f**3 + f**2 + 6*f - 16. What is l(-4)?
168
Let k(r) = -1186647*r - 9493184. Give k(-8).
-8
Let o(p) = 12*p**2 - 165*p + 295. Give o(18).
1213
Let r(i) = 7553*i - 196303. Give r(26).
75
Let t(b) = b**3 + 6*b**2 - 341*b - 3103. Determine t(-12).
125
Let v(u) = 2*u**3 + 16*u**2 - 182*u - 1709. Determine v(-10).
-289
Let d(v) = v**3 + 20*v**2 + 27*v + 707. Give d(-13).
1539
Let h(t) = t**3 + 42*t**2 - 455*t - 41. Calculate h(11).
1367
Let l(y) = -y**2 - 936*y + 135092. Give l(127).
91
Let j(c) = c**2 + 152*c - 2513. Give j(16).
175
Let l(a) = 940*a**2 + 184216*a - 4697. What is l(-196)?
7
Let c(p) = -2*p**3 + 20*p**2 + 7*p - 83. Determine c(10).
-13
Let z(k) = -15*k**2 + 118*k - 267. Determine z(15).
-1872
Let r(a) = 1750*a + 17552. Determine r(-10).
52
Let p(h) = 112496*h - 4387355. What is p(39)?
-11
Let k(b) = 315*b**3 + 3*b**2 + 283*b - 284. Calculate k(1).
317
Let p(n) = 28572*n + 19857541. Determine p(-695).
1
Let c(f) = f**3 + 1418*f**2 + 45646*f - 81721. Calculate c(-1385).
-6
Let d(f) = -967*f - 61147. Calculate d(-65).
1708
Let s(k) = -6*k**2 - 284*k - 2241. What is s(-10)?
-1
Let o(u) = 4166*u + 474831. Give o(-114).
-93
Let t(j) = 3*j**3 + 924*j**2 + 984*j + 19420. Calculate t(-307).
79
Let k(b) = 3351*b**2 - 6733*b + 31. What is k(2)?
-31
Let l(q) = -3936*q - 55144. Calculate l(-14).
-40
Let r(g) = -168*g + 14521. Determine r(93).
-1103
Let g(r) = -25*r**3 - 508*r**2 + 923*r + 25. What is g(-22)?
47
Let u(x) = 5*x**2 - 9376*x + 93260. What is u(10)?
0
Let i(w) = 36241*w + 11234710. What is i(-310)?
0
Let r(k) = k**3 - 90*k**2 - 128*k + 11524. What is r(90)?
4
Let z(n) = n**3 + 39*n**2 + 93*n + 402. Give z(-36).
942
Let n(h) = 98*h**3 + 27247*h**2 + 837*h + 828. Calculate n(-278).
-6
Let q(h) = h**3 + 116*h**2 + 54*h - 584. Calculate q(2).
-4
Let j(u) = 82*u**2 + 59*u + 66. Determine j(-1).
89
Let s(v) = 731*v + 4320. Calculate s(-6).
-66
Let o(u) = -2*u**3 + 711*u**2 - 351*u - 1411. Give o(355).
9
Let b(s) = -s**3 + 28*s**2 - 80*s - 436. Give b(-3).
83
Let y(w) = -w**3 + 61*w**2 - 2257*w + 16093. Determine y(9).
-8
Let k(c) = c**3 - 37*c**2 + 337*c - 12474. What is k(37)?
-5
Let l(t) = 411176*t + 822329. Give l(-2).
-23
Let m(x) = 459*x**2 - 10. What is m(-1)?
449
Let n(b) = -b**2 + 116145*b + 696902. What is n(-6)?
-4
Let m(n) = -1929*n + 331781. What is m(172)?
-7
Let c(n) = n**3 - 6*n**2 - 576*n + 5. What is c(0)?
5
Let f(r) = 1305*r - 656389. Calculate f(503).
26
Let b(q) = 234*q - 403. Give b(2).
65
Let m(z) = -2692316*z + 10769271. Determine m(4).
7
Let f(m) = m**3 - 20*m**2 - 66*m + 54. Give f(21).
-891
Let i(o) = 2*o**3 - 17*o**2 + 114*o - 72. What is i(5)?
323
Let r(k) = -2*k**3 + 7*k**2 + 100*k + 303. What is r(10)?
3
Let a(n) = n**3 + 26*n**2 + 13*n + 763. What is a(-26)?
425
Let l(u) = 179*u + 388. Determine l(-4).
-328
Let w(c) = -6080*c + 133755. Determine w(22).
-5
Let z(h) = -10*h**3 - 481*h**2 - 53*h - 96. Determine z(-48).
144
Let j(m) = 8*m**3 - 267*m**2 - 165*m - 26. Determine j(34).
144
Let r(c) = -2*c**3 - 34*c**2 + 39*c + 496. What is r(-17)?
-167
Let d(f) = -314*f - 16347. Determine d(-52).
-19
Let g(h) = 81*h + 923. Determine g(-32).
-1669
Let x(o) = 23*o + 2803. Calculate x(-167).
-1038
Let s(k) = 5385*k**2 - 21496*k + 24. Determine s(4).
200
Let a(m) = 1748*m - 52645. Calculate a(30).
-205
Let z(b) = 1682*b - 27160. Give z(18).
3116
Let k(t) = 5*t**2 - 15*t + 5. Determine k(-20).
2305
Let a(t) = -t**3 - 4*t**2 + 70*t - 67. Give a(9).
-490
Let y(j) = -28*j**3 - 1039*j**2 - 118*j - 43. Calculate y(-37).
216
Let n(h) = -89052*h + 623362. What is n(7)?
-2
Let k(z) = -2*z**2 + 173*z - 2704. Give k(70).
-394
Let v(c) = -24190*c + 483787. Calculate v(20).
-13
Let z(q) = -q**3 - 4*q**2 - 240*q + 1772. Calculate z(6).
-28
Let b(t) = -4997*t - 164869. What is b(-33)?
32
Let p(z) = 9850*z - 13228554. What is p(1343)?
-4
Let i(x) = -2*x**2 - 3367*x + 711936. Determine i(190).
6
Let t(u) = -3542*u**2 + 3513*u. What is t(1)?
-29
Let q(r) = -10*r**2 + 520*r + 1622. Determine q(55).
-28
Let g(h) = 25*h**2 + 6904*h + 1112. Calculate g(-276).
8
Let t(u) = 5*u**2 + 290*u + 2398. Calculate t(-9).
193
Let j(g) = -5*g**2 - 24*g - 178. Calculate j(-10).
-438
Let o(l) = 59553*l + 298116. Give o(-5).
351
Let a(q) = -1140*q + 114845. Determine a(102).
-1435
Let q(i) = -51090*i**2 - 1788148*i + 63. Give q(-35).
-7
Let i(r) = -r**2 + 78125*r - 156261. Give i(2).
-15
Let d(b) = 48*b**2 + 17*b + 13. Give d(4).
849
Let m(z) = 7*z**2 - 276. Determine m(-7).
67
Let j(k) = -7*k**3 + 625*k**2 - 283*k + 9339. Determine j(89).
-6
Let t(m) = -16869129*m - 67476512. Give t(-4).
4
Let n(u) = 9*u**2 - 72*u - 293. Calculate n(16).
859
Let i(x) = -6*x**2 + 2852*x - 25685. Determine i(9).
-503
Let q(t) = 17246*t + 362153. Give q(-21).
-13
Let j(h) = 5*h**3 + 986*h**2 - 83261*h - 517. Calculate j(-261).
5
Let x(d) = -96*d - 6670. Calculate x(-80).
1010
Let q(b) = b**2 + 26*b - 6695. What is q(-98)?
361
Let t(p) = 37026*p - 7257085. Give t(196).
11
Let i(o) = -o**3 - 80*o**2 - 329*o + 309. Calculate i(-76).
2209
Let n(z) = -29*z**3 + 203*z**2 - 13*z + 22. Calculate n(7).
-69
Let a(q) = -51*q**2 + 23*q + 65. Determine a(-7).
-2595
Let f(o) = o**3 - 29*o**2 - 204*o + 5800. Calculate f(29).
-116
Let t(b) = b**3 - b**2 + 2242*b - 18392. Calculate t(8).
-8
Let c(n) = -2718*n + 195776. Give c(72).
80
Let s(j) = 6*j**2 - 1131*j - 1107. What is s(191)?
1758
Let f(s) = s**3 +